 567106302 and 26824.
6706
Calculate the highest common factor of 605 and 5845865.
5
What is the greatest common divisor of 1127 and 12764839?
23
What is the greatest common factor of 219933301 and 34?
17
What is the highest common divisor of 5384 and 150079?
673
What is the greatest common divisor of 17953 and 1501838?
13
What is the greatest common divisor of 1279560 and 264?
24
Calculate the highest common divisor of 178780607 and 106.
53
What is the greatest common divisor of 6944360 and 24?
8
What is the greatest common factor of 153088 and 107939?
299
Calculate the highest common factor of 85 and 36152999.
17
What is the highest common factor of 252 and 121194570?
42
Calculate the highest common factor of 31819794 and 114.
114
What is the greatest common divisor of 5979188 and 260620?
628
What is the greatest common divisor of 74184 and 179916?
132
Calculate the greatest common divisor of 27063 and 5449893.
93
What is the greatest common divisor of 28280984 and 1288?
184
What is the highest common divisor of 137280 and 825?
165
Calculate the greatest common divisor of 610042991 and 2539.
2539
Calculate the greatest common factor of 190994 and 73247272.
2146
Calculate the highest common factor of 99 and 4164336.
99
Calculate the greatest common divisor of 434684 and 204109.
401
Calculate the highest common factor of 4097008 and 1216.
304
Calculate the highest common divisor of 433523629 and 15369.
5123
What is the greatest common divisor of 418415 and 134?
67
Calculate the highest common divisor of 282140 and 11530.
10
What is the greatest common factor of 597917435 and 5205?
1735
What is the greatest common factor of 95 and 211076795?
95
What is the greatest common divisor of 221 and 4785823?
17
What is the greatest common divisor of 5820100 and 175010?
4070
What is the highest common factor of 38010 and 143683230?
5430
What is the greatest common factor of 248166 and 122706?
306
Calculate the highest common divisor of 294801 and 10023.
39
Calculate the greatest common factor of 7713024 and 23808.
768
Calculate the greatest common divisor of 190268 and 364.
52
What is the greatest common divisor of 196357 and 18277?
7
Calculate the highest common divisor of 26 and 24845223.
13
Calculate the highest common factor of 3885659 and 818299.
1009
Calculate the highest common divisor of 4428 and 2319903.
369
What is the highest common divisor of 1232 and 2836911?
77
Calculate the greatest common factor of 533 and 428662.
13
Calculate the highest common divisor of 103448 and 3187592.
536
Calculate the highest common factor of 14754 and 45834.
6
What is the highest common divisor of 1248 and 149721?
39
What is the highest common divisor of 41535 and 3363165?
585
Calculate the highest common divisor of 39926092 and 16156.
2308
What is the greatest common factor of 91868364 and 34593?
2661
Calculate the highest common divisor of 28735309 and 1849.
1849
Calculate the greatest common divisor of 293755770 and 3220.
1610
What is the highest common factor of 857637940 and 372?
124
Calculate the greatest common factor of 9506416 and 32.
16
What is the highest common divisor of 16138653 and 32454?
1803
What is the greatest common factor of 207008 and 1888?
32
Calculate the highest common divisor of 882 and 1831746.
42
What is the greatest common factor of 9504 and 10464?
96
Calculate the greatest common factor of 622139 and 55937.
427
What is the highest common divisor of 80 and 48669680?
80
What is the greatest common factor of 14523 and 79900705?
4841
What is the greatest common factor of 15736 and 10192?
56
What is the highest common divisor of 796 and 19892?
4
Calculate the greatest common factor of 2333 and 82289576.
2333
What is the greatest common divisor of 9222483 and 8576?
67
Calculate the greatest common factor of 4732 and 1132300.
676
What is the highest common divisor of 463006773 and 81?
81
What is the highest common factor of 15670427 and 48439?
821
Calculate the greatest common divisor of 132 and 565477.
11
What is the highest common divisor of 33456 and 48624?
48
What is the highest common divisor of 88 and 8881576?
88
Calculate the highest common divisor of 12654434 and 4887.
181
Calculate the greatest common divisor of 189938320 and 286.
286
Calculate the highest common factor of 108 and 63948690.
54
Calculate the highest common divisor of 80 and 91886992.
16
Calculate the greatest common divisor of 121041 and 54.
27
What is the highest common factor of 300 and 18711100?
100
What is the greatest common factor of 11711978 and 4427?
233
What is the highest common divisor of 3348 and 9499020?
372
What is the greatest common factor of 35796662 and 85?
17
What is the highest common factor of 22330 and 36439370?
3190
Calculate the greatest common divisor of 360139 and 111878.
169
Calculate the greatest common factor of 22 and 900020.
22
Calculate the greatest common divisor of 3178 and 418426603.
1589
Calculate the highest common divisor of 167896372 and 56.
28
What is the highest common factor of 12489679 and 68?
17
Calculate the greatest common divisor of 23220036 and 252.
252
What is the greatest common divisor of 17642 and 268?
2
What is the highest common factor of 926702 and 3626?
518
Calculate the greatest common factor of 4875 and 360516.
39
Calculate the highest common divisor of 20 and 330892440.
20
What is the greatest common divisor of 2696485 and 416240?
605
Calculate the greatest common factor of 17501 and 100309.
11
Calculate the greatest common factor of 848256 and 94272.
192
Calculate the greatest common divisor of 844 and 3798.
422
Calculate the highest common divisor of 14609184 and 8928.
2976
Calculate the highest common factor of 95720 and 1510.
10
What is the highest common divisor of 15861252 and 6?
6
What is the highest common divisor of 11988070 and 1590?
530
Calculate the greatest common divisor of 3131025 and 750.
75
Calculate the highest common factor of 30480 and 192273555.
1905
What is the greatest common divisor of 302104 and 4037?
11
What is the highest common divisor of 531 and 118359?
9
Calculate the greatest common factor of 468592 and 1312.
16
Calculate the greatest common divisor of 6112235 and 2365.
215
Calculate the highest common divisor of 714 and 140947527.
357
Calculate the greatest common factor of 2763150 and 232050.
1950
Calculate the highest common factor of 37 and 16456379.
37
What is the greatest common divisor of 18501 and 35007?
21
What is the highest common divisor of 6356222 and 323?
19
What is the highest common factor of 47724747 and 1449?
483
Calculate the highest common factor of 7756487 and 7531.
443
Calculate the highest common divisor of 2934719380 and 20.
20
Calculate the highest common factor of 166520 and 8280.
920
Calculate the greatest common divisor of 442045 and 962443.
419
What is the highest common factor of 1600 and 4929256?
8
Calculate the highest common factor of 165 and 4353645.
15
Calculate the highest common factor of 26908 and 52247648.
3844
Calculate the greatest common factor of 603040042 and 848.
106
What is the highest common divisor of 259875554 and 1392?
58
Calculate the greatest common factor of 1936 and 785048.
968
What is the greatest common factor of 6350645 and 1225?
245
What is the highest common factor of 15620 and 599324?
44
What is the greatest common factor of 1185993665 and 5674?
2837
Calculate the highest common factor of 55373419 and 117419.
6907
Calculate the greatest common divisor of 3726 and 41779800.
162
What is the highest common factor of 46971546 and 1370?
274
What is the greatest common divisor of 15850 and 90050?
50
Calculate the highest common divisor of 497 and 897904.
7
What is the highest common factor of 1028 and 270260?
4
What is the greatest common divisor of 150436 and 47944?
52
What is the greatest common factor of 85 and 17141423?
17
Calculate the highest common divisor of 6 and 32545605.
3
Calculate the greatest common factor of 11670 and 1908891075.
5835
What is the highest common factor of 30277621 and 19?
19
What is the greatest common divisor of 82976113 and 242?
121
What is the highest common divisor of 4541923 and 52487?
719
What is the greatest common factor of 8946 and 12495006?
1278
Calculate the greatest common div